5).
5
Let s(v) = -2*v**2 + 21*v - 79. What is s(8)?
-39
Let p(c) = -c**3 + 7*c**2 - 8*c - 1. Give p(6).
-13
Let t(r) = -18*r - 54. Give t(-3).
0
Let q(r) = r**3 - 10*r**2 + 8*r + 2. Give q(9).
-7
Let y(l) = -l**2 + 12*l + 83. Give y(-5).
-2
Let m(c) = -c**3 + 6*c**2 - 8*c + 5. What is m(5)?
-10
Let j(k) = k**2 - 9*k - 18. Calculate j(11).
4
Let a(n) = n**2 + 5*n - 32. Determine a(-8).
-8
Let i(u) = -u**2 - 15*u - 6. Calculate i(-15).
-6
Let t(p) = 75*p - 82. Give t(1).
-7
Let d(b) = -b**3 - 4*b**2 + 11*b - 17. Calculate d(-7).
53
Let b(c) = c**3 - 16*c**2 + 16*c - 17. Calculate b(15).
-2
Let k(r) = 103*r + 1. What is k(1)?
104
Let g(n) = 3*n - 34. What is g(11)?
-1
Let p(m) = -2*m**2 - 6*m - 8. Calculate p(-6).
-44
Let a(m) = m**2 + 7*m + 5. Give a(-7).
5
Let f(o) = o**3 - 13*o**2 + 19*o + 10. What is f(11)?
-23
Let m(r) = -3*r**3 - r**2 + 4. Determine m(-2).
24
Let l(c) = -c - 27. Give l(-16).
-11
Let a(k) = -6*k - 41. What is a(-6)?
-5
Let p(h) = 3*h**2 - 3*h - 7. Calculate p(-4).
53
Let q(o) = o**3 + 15*o**2 - 19*o - 3. Determine q(-16).
45
Let x(s) = -s**3 - 8*s**2 - 9. Calculate x(-8).
-9
Let x(o) = o**3 - 30*o**2 - 97*o - 78. Determine x(33).
-12
Let s(w) = w**3 + 8*w**2 + 5*w + 14. Calculate s(-6).
56
Let z(m) = m**3 + 11*m**2 + 15*m + 5. Calculate z(-6).
95
Let w(c) = c**2 + 2*c + 41. Determine w(0).
41
Let k(d) = -d**3 - 3*d**2 + 6*d + 10. What is k(-5)?
30
Let y(x) = -x**2 + 8*x + 21. What is y(10)?
1
Let j(u) = u**2 + 4*u - 3. Calculate j(3).
18
Let r(p) = -p**2 + 17*p - 31. Give r(11).
35
Let k(w) = -w**2 + 2*w - 2. Give k(3).
-5
Let g(a) = a - 23. Determine g(10).
-13
Let r(g) = g**2 - 7*g - 3. What is r(0)?
-3
Let w(z) = -z**2 + 7*z + 1. Calculate w(6).
7
Let l(q) = -q**2 - 9*q + 5. Determine l(0).
5
Let c(q) = 6*q**3 - q**2 + 2*q - 2. Give c(1).
5
Let v(s) = -s**3 + 6*s**2 + 10*s - 3. What is v(7)?
18
Let y(c) = c**3 - 2*c**2 - 2. What is y(2)?
-2
Let c(j) = -j + 5. What is c(2)?
3
Let r(q) = -20*q - 149. Determine r(-7).
-9
Let t(z) = 6*z**2 - 42*z + 8. Determine t(7).
8
Let w(l) = -l**2 + 21*l - 14. Calculate w(21).
-14
Let a(l) = -15*l + 109. Give a(7).
4
Let d(s) = 4*s**2 - s - 2. What is d(-2)?
16
Let n(h) = 5*h + 5. Calculate n(-4).
-15
Let h(w) = -w**2 + 2*w + 107. Determine h(12).
-13
Let p(u) = u**2 + 22*u + 48. Give p(-14).
-64
Let r(b) = -b**3 + 2*b**2 - 3*b + 6. Determine r(2).
0
Let l(i) = i**3 + 3*i**2 - i + 1. Give l(-5).
-44
Let u(q) = -q**3 - 4*q**2 + q. Calculate u(-4).
-4
Let z(s) = 2*s**2 - 9*s + 7. Give z(5).
12
Let i(y) = 4*y + 10. Determine i(-5).
-10
Let i(g) = -7*g**2 - 4*g - 3. Calculate i(-2).
-23
Let w(n) = 48*n - 22. Determine w(1).
26
Let s(t) = t**2 + 23*t + 32. Calculate s(-22).
10
Let d(r) = r**2 - 5*r - 4. Determine d(5).
-4
Let w(d) = 2*d - 25. Give w(-6).
-37
Let i(d) = 2*d**2 - 10*d + 2. Calculate i(10).
102
Let v(y) = y**2 - 31*y - 64. Determine v(33).
2
Let s(z) = z**3 - 12*z**2 + 5*z + 33. Give s(10).
-117
Let t(f) = -f**2 + 6*f + 5. Calculate t(7).
-2
Let q(g) = -g**2 - 7*g + 15. What is q(-8)?
7
Let a(d) = 25*d - 63. What is a(3)?
12
Let t(z) = 4*z**2 + 4*z + 3. Give t(-1).
3
Let s(j) = -j**2 + 7*j - 7. Determine s(2).
3
Let q(w) = -105*w + 1158. Determine q(11).
3
Let m(u) = -2*u**2 - 8*u - 3. Calculate m(-6).
-27
Let p(c) = -8*c + 308. Give p(39).
-4
Let z(m) = -6*m - 3. What is z(-5)?
27
Let d(s) = -285*s - 574. What is d(-2)?
-4
Let d(w) = -13*w - 2. Give d(1).
-15
Let t(y) = -y**3 - 10*y**2 - 5*y - 7. Determine t(-7).
-119
Let w(z) = 19*z**2 - 2*z - 1. What is w(-1)?
20
Let c(b) = -b - 16. Give c(-17).
1
Let v(p) = p**2 + 14*p + 12. What is v(-15)?
27
Let r(w) = 6*w + 35. Give r(-5).
5
Let y(k) = -k + 2. What is y(4)?
-2
Let q(v) = v**3 - 3*v**2 - 10*v - 7. What is q(5)?
-7
Let q(x) = -15*x - 8. Calculate q(-2).
22
Let k(i) = i**3 - 5*i**2 - 7*i + 6. Determine k(6).
0
Let d(i) = -i**2 - 12*i - 2. Give d(-11).
9
Let i(z) = 8*z**2 + 313*z + 46. Calculate i(-39).
7
Let a(n) = -n**2 - 2*n + 5. Calculate a(2).
-3
Let n(p) = -6*p. Give n(-2).
12
Let n(p) = -p**3 - 10*p**2 - 6*p - 5. Give n(-8).
-85
Let c(b) = -b**2 - 11*b. What is c(-11)?
0
Let w(k) = 43*k**2 + 3*k + 2. Determine w(-1).
42
Let l(b) = b**3 - 7*b**2 + 2*b + 22. Determine l(5).
-18
Let t(x) = -x**3 - 5*x**2 - 5*x - 8. Determine t(-5).
17
Let f(l) = -9*l - 123. What is f(-15)?
12
Let m(c) = 2*c**3 - 38*c**2 - 40*c - 1. Calculate m(20).
-1
Let c(q) = -3*q**2 - 13*q. Calculate c(-4).
4
Let z(h) = -h**3 + 8*h**2 - 10*h - 14. Determine z(6).
-2
Let d(i) = i**3 - 19*i + 30. Calculate d(3).
0
Let a(p) = -4*p + 30. What is a(12)?
-18
Let n(p) = p**2 + 5*p - 11. Give n(-5).
-11
Let c(y) = -9*y**2 + y - 2. Calculate c(-3).
-86
Let l(i) = 27*i - 141. Give l(5).
-6
Let l(q) = 4*q**2 - 11*q + 9. Determine l(5).
54
Let v(c) = 4*c - 3. Calculate v(-3).
-15
Let g(y) = -26*y - 61. What is g(-5)?
69
Let t(s) = -2*s**3 - 10*s**2 + 4*s - 14. Give t(-6).
34
Let u(d) = -d**3 - 12*d**2 + 11*d - 21. Give u(-13).
5
Let x(v) = -v**3 - 34*v**2 + 75*v + 106. Calculate x(-36).
-2
Let d(m) = m**3 + 11*m**2 - 82*m - 45. What is d(-16)?
-13
Let f(w) = -48*w + 338. Calculate f(7).
2
Let k(w) = w**3 + 10*w**2 + 9*w + 7. What is k(-8)?
63
Let h(v) = v**3 - 15*v**2 + 12*v - 178. Give h(15).
2
Let u(z) = 5*z**3 + 5. What is u(0)?
5
Let f(s) = 7*s - 6. Calculate f(3).
15
Let r(c) = 16*c - 215. Determine r(13).
-7
Let a(j) = j**3 - 2*j**2 - 4. Calculate a(0).
-4
Let l(k) = 3*k - 36. Calculate l(10).
-6
Let t(z) = -z - 2. Calculate t(7).
-9
Let f(q) = -34*q + 103. Calculate f(3).
1
Let q(t) = -2*t - 37. What is q(-20)?
3
Let r(b) = 3*b**3 + 3. Give r(-2).
-21
Let v(x) = x**3 - 36*x**2 + 67*x + 38. Give v(34).
4
Let l(p) = p**3 - 2*p**2 + 7*p + 1. What is l(0)?
1
Let u(l) = -2*l**3 - 9*l**2 - 10*l - 4. Determine u(-5).
71
Let i(l) = 2*l**3 - 80*l**2 - 79*l - 117. What is i(41)?
6
Let c(q) = -q**2 + 29*q - 95. What is c(4)?
5
Let v(n) = n**2 - 52. Give v(0).
-52
Let a(k) = -k**3 - 11*k**2 + 18*k + 15. Determine a(-12).
-57
Let n(g) = 2*g + 81. Calculate n(-16).
49
Let s(n) = 5*n**3 - 4*n**2 - 5*n - 1. Determine s(-1).
-5
Let q(p) = 4*p**3 - 5*p**2 - 15*p + 21. What is q(1)?
5
Let f(u) = -12*u + 49. Calculate f(5).
-11
Let j(c) = -c**3 - 6*c**2 - 4*c - 8. Give j(-6).
16
Let c(u) = u**2 + 10*u - 13. Give c(-10).
-13
Let c(f) = 8*f + 53. What is c(-13)?
-51
Let k(c) = -9*c + 241. What is k(26)?
7
Let j(b) = -4*b**3 + 6*b**2 + 2*b - 5. What is j(3)?
-53
Let a(n) = 37*n**2 - 2*n - 2. Give a(-1).
37
Let g(s) = -4*s - 3. Calculate g(-3).
9
Let c(u) = -u**3 - 25*u**2 - 20*u + 46. Determine c(-24).
-50
Let w(f) = -f**2 + 6*f + 2. Give w(5).
7
Let p(x) = 38*x - 127. Determine p(3).
-13
Let n(d) = d**3 - 7*d**2 - 14. Give n(7).
-14
Let q(l) = -l - 6. Determine q(6).
-12
Let q(d) = -5*d + 1. Give q(-1).
6
Let k(p) = -p**3 - 38*p**2 - 71*p + 14. What is k(-36)?
-22
Let c(d) = d**3 + 17*d**2 - 13*d + 8. Give c(-18).
-82
Let x(y) = 20*y + 279. Calculate x(-14).
-1
Let z(w) = w**2 - w - 5. Calculate z(-3).
7
Let b(k) = -22*k - 272. What is b(-12)?
-8
Let h(n) = n**2 + 16*n + 12. Give h(-15).
-3
Let d(z) = z**3 + 12*z**2 - 3*z + 2. Give d(-12).
38
Let z(b) = -4*b - 8. Give z(-13).
44
Let t(v) = v + 2. What is t(4)?
6
Let p(j) = 2*j**2 - 4*j + 10. Give p(0).
10
Let t(r) = 3*r - 17. Calculate t(6).
1
Let f(y) = -114*y + 2044. Give f(18).
-8
Let f(r) = -r**3 - 8*r**2 + 9*r - 2. What is f(-9)?
-2
Let u(j) = 29*j - 51. Calculate u(-3).
-138
Let n(l) = -5*l**2 + 2*l - 1. What is n(1)?
-4
Let h(w) = w**3 + 3*w**2 - 5*w - 3. Calculate h(-4).
1
Let i(d) = -64*d**2 + 3*d - 4. What is i(1)?
-65
Let w(s) = -s**2 + 4*s + 15. Give w(7).
-6
Let d(c) = -c**2 + 6*c + 10. Give d(7).
3
Let p(c) = -c + 18. What is p(0)?
18
Let w(q) = -10*q + 93. Give w(7).
23
Let u(n) = -5*n + 73. What is u(15)?
-2
Let i(u) = -u**3 - 11*u**2 - 7*u - 2. Determine i(-10).
-32
Let n(s) = -2*s**3 - s**2 - 6*s - 5. Determine n(-2).
19
Let a(j) = 7*j**2 + 3*j + 2. Calculate a(-1).
6
Let r(h) = 2*h - 15. Give r(9).
3
Let r(g) = -2*g**2 - 10*g - 19. What is r(-5)?
-19
Let o(p) = -p**3 + 13*p**2 + 26*p. Determine o(15).
-60
Let i(r) = -r**3 - 7*r**2 + 12*r + 7. Give i(-8).
-25
Let u(a) = -6*a + 37. Calculate u(6).
1
Let d(a) = -12*a**3 + a**2. Calculate d(1).
-11
Let p(x) = -14*x**2 + 546*x - 3. Calculate p(39).
-3
Let r(q